b(176).
228
Let o(y) = 4*y**2 - 17967*y + 107734. Give o(6).
76
Let b(l) = 353*l**2 + 1166*l + 1167. What is b(-1)?
354
Let j(k) = k**2 - 176*k + 4357. Determine j(153).
838
Let o(z) = -157156*z + 14. What is o(0)?
14
Let x(v) = -4*v**2 - 334*v + 25. What is x(-86)?
-835
Let m(k) = -637*k + 7018. Give m(11).
11
Let c(l) = -212*l**2 + 216*l + 1. What is c(1)?
5
Let z(y) = y**2 - 154*y - 4186. Determine z(-23).
-115
Let w(n) = 49220*n - 2461077. What is w(50)?
-77
Let i(b) = 5850*b + 70199. Calculate i(-12).
-1
Let p(g) = g**3 - 68*g**2 + 369*g + 43. Calculate p(62).
-143
Let r(m) = 10*m**3 + 121*m**2 + 24*m + 11. Give r(-7).
2342
Let n(w) = -151*w**2 - 9375*w - 637. Give n(-62).
169
Let o(y) = 3*y**3 + 1123*y**2 + 374*y + 290. Determine o(-374).
290
Let y(b) = -2470*b + 9799. Calculate y(4).
-81
Let s(v) = 11*v**2 + 918*v - 20805. Give s(-102).
3
Let s(u) = 5*u**3 + 207*u**2 + 77*u + 8541. Give s(-42).
15
Let t(a) = 4*a**2 + 444*a + 2810. Give t(-92).
-4182
Let g(u) = u**3 + 188*u**2 + 25*u + 4907. Calculate g(-188).
207
Let h(i) = 62*i - 5158. Calculate h(76).
-446
Let h(y) = -84*y**2 + 464*y + 1684. Give h(8).
20
Let z(f) = f**3 + 369*f**2 + 18686*f - 31422. Give z(-308).
-6
Let u(w) = 36*w**2 + 483*w - 6104. Give u(8).
64
Let v(b) = 100*b**2 + 697*b - 17. Give v(-7).
4
Let k(z) = -3538*z - 148606. Give k(-42).
-10
Let y(o) = 5433*o + 108700. Give y(-20).
40
Let a(m) = -11*m**2 - 1077*m - 337. Calculate a(-98).
-435
Let a(o) = -4*o**2 - 2943*o - 8820. Determine a(-3).
-27
Let i(g) = -14*g**3 - 190*g**2 + 97*g + 124. Calculate i(-14).
-58
Let y(v) = -2168*v**2 - 7*v + 4. Give y(1).
-2171
Let p(c) = c**2 - 43*c + 219. Determine p(44).
263
Let z(d) = -27*d**2 + 1426*d - 13094. Calculate z(41).
-15
Let o(y) = y**3 - 38*y**2 - 799*y - 304. Determine o(53).
-516
Let k(v) = -8374*v - 427077. Determine k(-51).
-3
Let f(k) = -28*k**2 + 571*k + 569. Give f(-1).
-30
Let v(t) = 6292*t + 290. What is v(0)?
290
Let i(j) = -j**3 + 124*j**2 + 3388*j - 181. Give i(-23).
-342
Let r(i) = -i**3 + 10*i**2 - 34*i - 23. Determine r(6).
-83
Let x(q) = 8*q**3 + 5*q**2 - 67*q + 266. Determine x(4).
590
Let z(g) = 2*g**3 + 5*g**2 - 44*g - 268. What is z(0)?
-268
Let y(u) = u**3 - 73*u**2 + 1189*u + 108. What is y(25)?
-167
Let n(r) = 20572*r - 3353245. Calculate n(163).
-9
Let z(s) = 3*s**3 + 80*s**2 - 501*s + 120. What is z(-32)?
-232
Let r(v) = 32164*v - 192970. What is r(6)?
14
Let o(p) = 7*p**2 + 389*p + 1138. Calculate o(-3).
34
Let a(w) = 1274*w**3 - 7*w**2 - 3*w - 6. Determine a(-1).
-1284
Let w(a) = -3*a**3 + 278*a**2 + 970*a - 889. Determine w(96).
71
Let d(n) = -9*n**2 - 542*n + 462. Determine d(-65).
-2333
Let g(x) = -7*x**2 - 1528*x - 26838. What is g(-199)?
27
Let h(f) = 6752*f - 39632. Determine h(6).
880
Let b(m) = 245883*m - 11. Give b(0).
-11
Let c(q) = 541400*q - 1624204. Calculate c(3).
-4
Let s(t) = 180*t**2 - 14097*t + 4439. Determine s(78).
-7
Let f(z) = -1065*z**2 - 942520*z + 4431. Determine f(-885).
6
Let c(n) = -20*n**2 - 10303*n + 19156. Calculate c(-517).
27
Let h(o) = -10*o**3 - 159*o**2 + 50*o + 835. Determine h(-16).
291
Let d(g) = -g**3 - 150*g**2 + 201*g + 7731. Calculate d(-151).
181
Let b(t) = 1980*t - 27670. Determine b(14).
50
Let f(b) = 8684*b + 87385. What is f(-10)?
545
Let x(q) = q**3 + 32*q**2 + 8*q + 46. Determine x(-4).
462
Let q(c) = 2*c**3 - 313*c**2 - 3134*c + 467396. Determine q(157).
7
Let r(f) = -14495*f - 1072688. Calculate r(-74).
-58
Let g(t) = t**3 - 2*t**2 + 23*t - 211. Give g(7).
195
Let n(l) = -31*l**2 - 1555*l + 2123. Give n(-51).
797
Let q(t) = -9*t**2 + 987*t + 12326. Determine q(121).
-16
Let b(i) = -i**3 - 11*i**2 - 261*i + 893. Calculate b(3).
-16
Let i(k) = 1103*k + 20871. Determine i(-19).
-86
Let b(w) = 5*w**2 + 537*w + 9081. What is b(-21)?
9
Let x(u) = u**2 - 34*u - 3414. Give x(-56).
1626
Let g(u) = -96*u**2 - 209*u + 15. What is g(-3)?
-222
Let x(o) = -10348*o + 2328369. Determine x(225).
69
Let m(p) = -10*p**3 - 92*p**2 - 77*p - 29. Calculate m(-9).
502
Let s(g) = g**2 - 113*g + 124. Determine s(110).
-206
Let u(r) = 100*r**2 + 433*r - 2. What is u(3)?
2197
Let r(i) = i**2 - 143*i + 3761. Determine r(38).
-229
Let c(l) = -1507*l - 22410. Give c(-15).
195
Let l(c) = -c**2 + 32*c + 7678. Determine l(-72).
190
Let f(u) = -196*u**2 - 638*u - 61. Calculate f(-3).
89
Let p(q) = -44*q**2 + 20*q - 106. Calculate p(7).
-2122
Let z(f) = -f**3 + 67*f**2 + 201*f + 5881. Determine z(71).
-12
Let r(b) = -241*b**3 + 6*b**2 + 38*b + 73. Give r(-2).
1949
Let h(y) = 347*y - 3565. What is h(15)?
1640
Let r(l) = -3*l**2 + 1716*l - 18525. Give r(11).
-12
Let l(s) = -15152*s - 2060744. Give l(-136).
-72
Let w(q) = q**3 + 14*q**2 + 25*q - 150. Give w(-9).
30
Let r(g) = -11440*g - 195933. What is r(-17)?
-1453
Let b(l) = -2*l**3 - 205*l**2 - 679*l + 1430. Determine b(-99).
44
Let f(z) = -z**2 - 2975*z + 348952. Give f(113).
8
Let v(g) = -2999*g - 113777. What is v(-38)?
185
Let u(a) = -2*a**2 - 1170*a + 196118. What is u(-721)?
6
Let r(v) = 2881*v - 847445. Calculate r(294).
-431
Let u(j) = -j**3 - 2*j**2 + 248*j - 756. Determine u(3).
-57
Let b(c) = 4*c**3 - 30*c**2 + 17*c - 22. What is b(8)?
242
Let z(l) = -3*l**3 + 38*l**2 + 73*l + 164. Give z(18).
-3706
Let c(a) = -a**3 - 4*a**2 - 249*a - 2479. Determine c(-9).
167
Let h(n) = 4978*n + 1354006. Determine h(-272).
-10
Let m(p) = -2021*p + 91105. Calculate m(45).
160
Let y(d) = -69*d**2 - 10701*d - 109355. Give y(-11).
7
Let c(q) = 4*q**3 + 243*q**2 - 3923*q - 23. Give c(-74).
51
Let m(v) = 50*v**3 - 15496*v**2 - 1243*v + 919. Calculate m(310).
-11
Let n(l) = 350*l + 676. Determine n(-7).
-1774
Let d(h) = -6*h**3 - h**2 + 100427*h + 100427. Determine d(-1).
5
Let b(g) = 2806*g - 47618. Determine b(17).
84
Let z(y) = 1439*y - 43283. Determine z(30).
-113
Let h(u) = 4772*u - 324950. Give h(68).
-454
Let n(l) = l**3 - 8*l**2 - 16*l + 11. Give n(-4).
-117
Let s(m) = 3*m**2 - 2338*m + 36907. Calculate s(16).
267
Let t(k) = -3*k**2 + 191*k + 122. Give t(66).
-340
Let y(w) = -3*w**2 - 410*w + 2300. Determine y(-142).
28
Let g(y) = 3*y**2 + 154*y - 3022. What is g(16)?
210
Let k(z) = -6*z**3 - 20*z**2 - 5512*z - 16525. What is k(-3)?
-7
Let j(v) = -4*v**2 + 1144*v + 56548. Determine j(329).
-40
Let i(o) = 127323*o + 8148676. Determine i(-64).
4
Let w(g) = g**2 - 11635*g - 572516. What is w(-49)?
0
Let h(m) = -117*m + 17054. What is h(131)?
1727
Let u(q) = 43*q - 3058. Determine u(66).
-220
Let j(r) = -708*r - 30466. Determine j(-43).
-22
Let z(g) = 1139*g - 92460. What is z(81)?
-201
Let s(u) = -4*u**2 + 21*u + 800. What is s(24)?
-1000
Let x(v) = v**3 + 243*v**2 - 34753*v + 955. What is x(101)?
46
Let o(r) = -106*r**2 + 8046*r + 898. Calculate o(76).
138
Let l(f) = f**2 - 66*f - 12341. Determine l(150).
259
Let b(j) = -2*j**3 - 78*j**2 + 4963*j + 39. Determine b(34).
5
Let f(i) = 120*i - 18267. Give f(163).
1293
Let p(v) = -v**3 + 13*v**2 + 17*v + 109. Calculate p(15).
-86
Let y(m) = -25*m**3 + 179*m**2 - 953*m + 6465. Calculate y(7).
-10
Let w(m) = m**3 - 1244*m - 3737. Calculate w(-3).
-32
Let q(w) = 359*w + 4645. What is q(-3)?
3568
Let s(r) = r**3 - 802*r**2 + 4438*r - 4208518. Calculate s(803).
5
Let g(l) = -l**3 - 50*l**2 + 177*l + 11115. Give g(-49).
41
Let q(i) = -14*i**2 + 547*i + 1718. Give q(42).
-4
Let h(f) = f**3 + 57*f**2 + 125*f - 242. What is h(-54)?
1756
Let n(a) = 1428*a - 2482. Calculate n(2).
374
Let a(p) = p**3 + 892*p**2 - 3566*p - 19. Give a(4).
53
Let z(w) = w**2 + 170149*w + 2211762. Calculate z(-13).
-6
Let o(g) = -508*g + 32001. What is o(63)?
-3
Let g(c) = -1397*c + 29326. What is g(21)?
-11
Let s(a) = 1618896*a - 16188952. Calculate s(10).
8
Let m(r) = r**2 - 10854*r + 421784. Determine m(39).
-1
Let s(f) = -37*f**3 - 24*f**2 - 27*f - 68. Calculate s(-3).
796
Let c(w) = -283*w**2 - 385*w - 77. Calculate c(-1).
25
Let n(z) = 7*z**3 - 3*z**2 - 2. Determine n(0).
-2
Let f(c) = 71*c - 385. Give f(11).
396
Let o(l) = -2*l**2 + 255*l + 20296. Determine o(183).
-17
Let v(r) = 694*r + 18154. Determine v(-27).
-584
Let o(k) = 77*k**2 + 5104*k + 297. What is o(-66)?
-1155
Let q(j) = j**3 + 488*j**2 + 11578*j + 1296. What is q(-463)?
-93
Let n(m) = -398*m + 2016. What is n(6)?
-372
Let t(z) = 4*z**3 + 275*z**2 - 73*z - 242. Give t(-69).
34
Let z(i) = -900*